Let q be (3/(-3))/(1/g). Let j be (-6)/36*-822 - (9/3 - 6). Calculate the highest common factor of j and q.
35
Suppose -v = -3*z + 936, 3*z - 3*v - 2*v = 960. What is the highest common factor of z and 40?
10
Let f be (-7*54)/(9 + 3 + -4 + -10). What is the greatest common divisor of 609 and f?
21
Suppose 49 = -7*f + 3192. Let i be f/4 - (-1 + (-25)/(-20)). Calculate the greatest common divisor of i and 70.
14
Let l be ((-133)/532 + 53/20)*(149 - -1). Calculate the highest common divisor of l and 100.
20
Let y(z) = -2*z + 63. Suppose -4 = 4*c + 5*u - 3*u, -2*u - 4 = 0. Let h be y(c). Calculate the greatest common factor of h and 42.
21
Let g(w) = 11*w + 304. Let a be g(-26). What is the greatest common divisor of a and 534?
6
Let n = 21 - 43. Let z(y) = 16 - 7 + 23*y**2 + 23*y + y**3 + 17. Let u be z(n). Calculate the highest common factor of u and 10.
2
Suppose -104*p = 985 + 59 - 7908. What is the highest common factor of 572 and p?
22
Let w be 59/(1236/(-138) - -4 - -5). Suppose w = 13*k - 99. What is the greatest common divisor of k and 40?
8
Suppose -4*r - 111274 = 2*r - 52*r. Calculate the highest common factor of r and 164.
41
Let s(v) = -2*v**3 - 73*v**2 - 37*v - 18. Let b be s(-36). Calculate the greatest common factor of b and 2601.
9
Suppose 25 - 217 = -3*c. Let k = 1283225 + -1283209. Calculate the highest common factor of c and k.
16
Let z = -407 - -410. Suppose m - 3*m - 2*n = -322, -3*m + z*n = -489. Calculate the highest common factor of m and 27.
27
Let m(i) = 2*i**3 - 14*i**2 + 23*i + 18. Let n be m(11). Suppose -44*s = 12*s - 1176. What is the greatest common factor of s and n?
21
Let i = -265 + 253. Let g be (i/18)/(1/(-18)). What is the highest common divisor of 15 and g?
3
Let w = 395 - 538. Let u be w/(-5) + (-72)/(-180). What is the greatest common factor of 116 and u?
29
Let v = 1018 - 658. What is the greatest common divisor of 110 and v?
10
Let c be (-3)/((-2)/((-24)/(-9))). Suppose 0 = 3*p - 5*k + c*k - 756, -3*k = -2*p + 497. Let n = -15047 + 15070. What is the highest common factor of p and n?
23
Suppose 43 = -5*c + 3. Let n be -12*6/12*c/6. Let m = 7 + n. Calculate the greatest common factor of 3 and m.
3
Let i = 672 - 607. Let v(o) = -46*o**2 + o - 1. Let c be v(1). Let q = i + c. Calculate the highest common factor of 133 and q.
19
Suppose -5*z + 555 = -74*s + 76*s, -5*z = -s + 300. What is the greatest common divisor of s and 300?
15
Let l be -2 + 15 + 2 + 3 + -3. Let w be (-3)/4*(-33 - l). What is the greatest common factor of 342 and w?
18
Suppose h + 5 = -2*m - 67, -4*m + 4*h = 144. Let a be (-1)/(2/(-8)) + 58 + m. What is the highest common factor of a and 52?
26
Let b be (-9)/(-387) + 820387/2279. What is the greatest common factor of 8352 and b?
72
Let t = -15200 + 21915. Calculate the highest common factor of 170 and t.
85
Let s be (-11745)/(-120) + 0 + 2/16. What is the highest common factor of s and 1?
1
Let l(a) = 65*a**2 + 3*a - 16. Let u be l(3). Suppose 5*q - 662 = 4*d, 173 - u = -3*q + 5*d. Calculate the greatest common factor of 10 and q.
10
Let l be (0 + (-28)/(-5))*((-1058)/(-4) - 57). What is the greatest common divisor of 42 and l?
14
Suppose 3*t + 9*t - 300 = 0. Suppose -c + 26*c - 125 = 0. What is the highest common factor of t and c?
5
Suppose -14*k - 20*k - 8505 + 10035 = 0. What is the highest common divisor of 288 and k?
9
Suppose 22*y - 790 = 442. Let a be (-119)/35 + 3 + (-214)/(-10). What is the greatest common factor of a and y?
7
Suppose 3*x = 184 - 28. Suppose 29*m - 90 + 3 = 0. Suppose -2*b + 2*i = -0 - 18, m*b = -2*i + 47. What is the highest common divisor of x and b?
13
Let y(g) = 1361*g**2 + 32*g - 63. Let i be y(3). Calculate the highest common factor of 276 and i.
138
Let b = 817 + -561. Let p be (-1 + -1*30)/1. Let o be 1*(-3)/(-3) - p. Calculate the highest common divisor of o and b.
32
Suppose -3*y = 4*o - 65, -7*o + 4*y = -2*o - 58. Suppose 23*f - 200 - 809 + 204 = 0. Calculate the highest common factor of o and f.
7
Let o(q) = q**3 + 25*q**2 + 122*q - 26. Let d be o(-13). Calculate the greatest common divisor of d and 4888.
104
Let d = 1976 + -1956. Suppose 2*z + 123 = 11. Let l = z - -96. Calculate the highest common factor of l and d.
20
Suppose o - 15 = 3*t - 40, -4*t = 4*o - 12. Let r be 3 - 4 - (t + -467 + 4). What is the greatest common factor of 130 and r?
65
Let x = 266 + -1373. Let b = 1779 + x. What is the greatest common factor of 21 and b?
21
Suppose -60*q + 58*q + 34 = 0. Suppose 0 = -13*r + q*r - 972. What is the greatest common divisor of r and 27?
27
Let c be (-5758)/(-9) - (2/9)/(-1). Suppose -c = -5*i - 11*i. What is the greatest common factor of 30 and i?
10
Let g(u) be the first derivative of u**4/4 + 9*u**2/2 + 144*u - 220. Let i be g(0). What is the highest common divisor of i and 45?
9
Suppose 1525 = 7*x - 1387. Suppose o - x = -12*o. What is the greatest common divisor of 352 and o?
32
Let n be 0 + 0 + 91/7 - 0. Suppose o = 75 + n. Suppose 4*d + 0*z - 94 = -3*z, 4*z - 8 = 0. What is the greatest common factor of d and o?
22
Suppose -3*j + 6 = -6. Let v(o) = -6*o**2 - 3*o**3 - j + 8 - 5*o + 4*o**3. Let c be v(7). What is the highest common factor of 6 and c?
6
Let l(a) = 5*a**2 + 7*a - 20. Let h be l(2). Suppose -h*x + 133 + 21 = 0. Calculate the highest common factor of x and 231.
11
Let x = -264 - -472. Let d = x + -73. Calculate the highest common factor of d and 54.
27
Suppose 10*z + 43*b = 38*b + 200, 4*z - 96 = -4*b. Suppose 4*d + 1436 = m + d, 2*d = -8. Calculate the greatest common factor of z and m.
16
Suppose 6*b = -361 + 403. Suppose -b*s + 5*w + 645 = -3*s, -4*s + 639 = w. Calculate the highest common divisor of s and 10.
10
Suppose -5*z + 3*p = -0*p + 270, 216 = -4*z + 4*p. Let h = 109 + z. What is the highest common divisor of h and 22?
11
Let d(z) = -z + 39. Let a be d(33). Suppose s - 4 = 0, 4*j - a*j + 68 = 2*s. What is the highest common factor of j and 18?
6
Suppose 5*o - 5*t - 3975 = 0, 1357*o - 1359*o - 3*t + 1570 = 0. What is the greatest common factor of 7 and o?
7
Let z = -4175 + 4210. Calculate the highest common divisor of 336 and z.
7
Let i be (-1740)/90*(-64 + (4 - 8) - 4). Calculate the highest common divisor of 168 and i.
24
Let w(r) = -r**3 + 26*r**2 - 24*r - 1. Let f = 193 - 168. Let o be w(f). Calculate the greatest common divisor of o and 72.
24
Suppose -3*s + 4*s + 427 = -2*f, -1030 = 5*f - 5*s. Let y = f - -259. What is the greatest common factor of 54 and y?
6
Let j(p) = 4*p**2 + 73*p + 300. Let t be j(-20). What is the highest common factor of 968 and t?
88
Suppose -5*o + 1423 = -477. What is the greatest common factor of 1235 and o?
95
Let y = 16695 + -15955. What is the greatest common divisor of y and 280?
20
Let y be 27/5 - (-80)/(-200). Suppose 5 = y*q, -121 = -3*w + q - 2*q. Calculate the highest common factor of 72 and w.
8
Let y be (-2524)/(-30) - (8 + 1062/(-135)). Suppose 79*a - 82*a + y = 0. Calculate the greatest common factor of a and 322.
14
Let u(x) = -x**3 - 10*x**2 - 22*x + 3. Let i be u(-7). Let j be 2 - 0 - 24*(0 + -2). Let r = 60 - j. What is the greatest common factor of r and i?
10
Suppose -35*c + 33*c = -48. Let b be 13*1 + (-24)/c. Calculate the highest common divisor of b and 10.
2
Let g = -894 + 889. Let i(y) = -4*y**3 + 4*y**2 - 5*y + 5. Let t be i(g). Calculate the greatest common divisor of t and 140.
70
Suppose 30*k - 29*k - 1 = 0. Let p(a) = 315*a**2 + 5*a - 1. Let c be p(k). What is the greatest common divisor of c and 11?
11
Suppose 0 = z + 8*w - 4*w + 23, 5*w + 4 = z. Let v be (4 + -1)*((-36)/(-3) + z). Calculate the greatest common divisor of 303 and v.
3
Let o = 14 + -40. Let f = -16 - o. Let q = -8 - -12. What is the greatest common divisor of q and f?
2
Let u be (-1 - 2 - -1)*-1. Let t be 4/30 + u/(-15). Suppose 143 = 5*c - p, t = -c - 3*p - 2 + 21. Calculate the highest common divisor of c and 196.
28
Suppose -6183 = 11*h - 826. Let i = 642 + h. Calculate the highest common factor of 10 and i.
5
Let i(y) = 53*y + 45. Let v be i(7). Let a(j) = -j**2 + 8*j - 3. Let r be a(4). What is the greatest common factor of r and v?
13
Suppose 4*p + 10*p - 96667 = 148389. Calculate the highest common factor of p and 64.
32
Let s = 0 - -1. Let w(r) = 17*r**3 + r**2 - 1. Let k be